is divided by 22?
19
Suppose -75 + 30 = -9*t. Calculate the remainder when 29 is divided by t.
4
Let g(s) be the second derivative of 4*s**3/3 - 105*s**2/2 + 3*s + 11. What is the remainder when g(20) is divided by 4/6 + (-55)/(-3)?
17
Let a be (4/18*-3)/(32/(-16464)). Suppose -5 = 3*g + 2*g, 5*b + 2*g - a = 0. Calculate the remainder when b is divided by 36.
33
Let t = -164 - -110. Suppose -5*v = 4*w - 23, -18 = 5*v + 7. What is the remainder when w is divided by (-2)/5 + t/(-10)?
2
Suppose -2*m + 194 = -2*k, -2*k - 6 = -k. Let l = -53 + 84. Calculate the remainder when m is divided by l.
29
Suppose 2*j = -2*m - m - 61, -5*m + 3*j - 70 = 0. Let b(s) = s**2 + 14*s - 21. Calculate the remainder when 118 is divided by b(m).
28
Let c(h) = h**3 - 10*h**2 - 7*h - 21. Let f = -97 - -142. What is the remainder when f is divided by c(11)?
22
Let n = 38 + -38. Suppose -3*u - c + 50 = 0, n = 4*c - 14 - 6. Calculate the remainder when u is divided by 8.
7
What is the remainder when (-1325)/(-10)*36/30 is divided by 39?
3
Calculate the remainder when 80 is divided by ((-152)/16 + 9)/(4/(-112)).
10
Let t(a) = -a**2 + 25*a - 7. Let z be (-825)/15*(-2)/5. Calculate the remainder when t(z) is divided by 20.
19
Let n(g) = 18*g**2 + g. Suppose -5*u = -2*j - 10, u + 32 = -3*j - 0*u. Calculate the remainder when ((3 - -3)/1)/(j/(-55)) is divided by n(-1).
16
Let z = -52 + 25. Let g = -17 - z. What is the remainder when 17 is divided by 1 - g/(-6 - -4)?
5
Suppose -6*n + 1100 = 19*n. Calculate the remainder when n is divided by 16.
12
Suppose -12 = 3*a, -s + 2*a + 36 = s. What is the remainder when (15/10)/((-2)/(-32)) is divided by s?
10
Let n = 74 - 46. What is the remainder when n is divided by 5?
3
Let w = 306 - 295. What is the remainder when 361 is divided by w?
9
Suppose -3*y = 2*a + 9 - 34, 0 = -3*a - 3*y + 45. What is the remainder when 96 is divided by a?
16
Suppose -4*s + 6*s = 60. Suppose 0 = -3*r + 24 + s. What is the remainder when r is divided by 13?
5
Suppose 4*j = -i + 59, -38 = -4*i + 5*j + 198. What is the remainder when i is divided by 20?
19
Suppose 92*a = 91*a + 8. What is the remainder when 23 is divided by a?
7
Let k(s) = 12*s - 7. Calculate the remainder when 33 is divided by k(3).
4
Suppose -4*f + 2*c = -2*f, 0 = -2*f - 2*c + 12. What is the remainder when 26 is divided by f?
2
Let b = 30 - 4. Suppose 24*g - b = 22*g. What is the remainder when g is divided by 7?
6
Let s be (-2)/((42/(-225))/7). Let r = 214 - s. What is the remainder when r is divided by 37?
28
Suppose -33 - 162 = -2*u - o, -3*u + 4*o + 265 = 0. Suppose u + 181 = 4*r. What is the remainder when r is divided by 24?
21
Suppose -1520 = -62*o + 42*o. What is the remainder when o is divided by 48?
28
Suppose -l = 13 - 9. What is the remainder when (-4 + -7)*(3 + l) is divided by 3?
2
Suppose 0 = 5*f + 15, o - 9 = 3*f + 166. What is the remainder when o is divided by 87?
79
Let a(q) = 19 + 15*q + 0*q**3 + 2*q**3 - 30 + 12 + 33*q**2. Calculate the remainder when 82 is divided by a(-16).
14
Let m(i) = 83*i - 2561. Calculate the remainder when m(32) is divided by (64/10)/((-1)/(-5)).
31
Let d(v) = 28*v + 1. Suppose -2 = -n - n. Suppose 2*w - 62 = -5*h, 3*h - 4*h = -6. Calculate the remainder when d(n) is divided by w.
13
Let x = -136 - -205. Let y be 60/18*(-36)/(-15). Suppose 0*f - 288 = -y*f. Calculate the remainder when x is divided by f.
33
Let z = 69 - 26. What is the remainder when (z - 2) + (4 - 7) is divided by 20?
18
Let h(k) = -20*k + 9. Let u(b) = -21*b + 10. Let x(q) = -5*h(q) + 4*u(q). Calculate the remainder when x(3) is divided by 17.
9
Suppose 4*j - 2*j - 8 = 0, -5*g + 135 = -5*j. What is the remainder when g*(2 - (0 + 1)) is divided by 11?
9
Let a(r) = -r**3 + 6*r**2 - r - 6. What is the remainder when a(3) is divided by 1?
0
Let q(s) = 15*s - 25. Let y(z) = -13*z + 24. Let h(r) = -3*q(r) - 2*y(r). Calculate the remainder when h(-7) is divided by 18.
16
Suppose 151 + 116 = 3*v. Let a(j) = -j + 0 + 6 + 3. Calculate the remainder when v is divided by a(-14).
20
Let p = 10 - 6. Suppose -k = -p*k. Suppose k = -3*q + 5*l + 98, -q + 4*l = -0*q - 21. What is the remainder when q is divided by 11?
8
Let d = 600 + -585. Suppose -3*v = j - 71, -7 + 2 = -v. Calculate the remainder when j is divided by d.
11
Suppose 624 = -23*o + 39*o. Calculate the remainder when o is divided by (-3)/(1 - 3/2).
3
Let d(m) = m**2 + 4*m - 11. Let r be d(-6). Calculate the remainder when (-13 - -2)/(r/(-1)) is divided by 4.
3
Let b be (-3 + (-1 - -3))/(-1). Let p(m) = m - 9. Let d be p(5). Calculate the remainder when (b - -2)*(1 - d) is divided by 8.
7
Let p = 41 + -35. Let h = 149 + -128. Calculate the remainder when h is divided by p.
3
Let s(j) = 5*j + 238. Calculate the remainder when s(17) is divided by 110.
103
Let i = 251 - 211. What is the remainder when i is divided by 3?
1
Let u = 502 + -20. What is the remainder when u is divided by 27?
23
Suppose -27*d = 5*y - 26*d - 75, 2*y - 4*d = 30. Calculate the remainder when 131 is divided by y.
11
Let a(k) = -3*k**2 + 4*k - 15. Let f be a(10). Let d = f + 172. Let z = 200 + d. Calculate the remainder when z is divided by 20.
17
Let g(b) = 45*b**2 - b - 2. Calculate the remainder when g(-1) is divided by (3/(-6))/(5/(-150)).
14
Suppose 186 = -43*l + 44*l. What is the remainder when l is divided by 21?
18
Let b = -4 + 9. Suppose 7 = l + 3*u - b, -3*l - 16 = -4*u. Suppose l = -k + 66 + 8. Calculate the remainder when k is divided by 19.
17
Suppose -4*v - 10 = v. Let c(o) = 3*o + 3. Let k be c(1). What is the remainder when 8 is divided by ((-1)/v)/(1/k)?
2
Let x(y) = y**3 - 9*y**2 - 9*y. Suppose -5*o + 2*z = -346, 2*z - 3*z = -3*o + 208. Suppose 6*m - o = -10. Calculate the remainder when 27 is divided by x(m).
7
Suppose -5*j - 58 = -213. Calculate the remainder when 495 is divided by j.
30
Let j = 6 - 3. Calculate the remainder when 102 is divided by j + 4*69/12.
24
Suppose 5*t + 24 = 5*w + 9, -2*w - t + 6 = 0. Suppose -w*c - 15 + 348 = 0. What is the remainder when c is divided by 16?
15
Let d(h) = 18*h + 1. Let x(t) = -22 - 2*t + 3*t**2 - 2*t**2 + 10 - 14. Calculate the remainder when x(11) is divided by d(1).
16
Calculate the remainder when 85 is divided by 44 + 0/(2/((-4)/4)).
41
Suppose 67*j + 140 = 71*j. Calculate the remainder when 136 is divided by j.
31
Suppose -4*t + 16 = 0, 4*w - t = w - 139. Let f = 169 + w. Suppose -3*y - 63 = -3*j, f = 4*j - 5*y + 42. What is the remainder when j is divided by 10?
3
Suppose 2*x - q - 4*q = 170, 3*q = -2*x + 202. What is the remainder when x is divided by 2/11 - 7700/(-242)?
31
Suppose 306 = 7*a + 47. Suppose 14*g = a + 89. What is the remainder when 24 is divided by g?
6
Let g = -1971 + 2027. Calculate the remainder when 238 is divided by g.
14
Let o = 2443 - 2222. What is the remainder when o is divided by 6?
5
Suppose -3 = -t + 1. Suppose 3*k - 2*f = 2*f + 26, 0 = -t*k - 3*f + 68. What is the remainder when 38 is divided by k?
10
Suppose 3*a + y - 87 = 5*y, 19 = a + 2*y. Let z be (0 - 0)*7/14. Suppose -2*f + 8*b = 3*b - 8, z = 2*f - b - 16. What is the remainder when a is divided by f?
7
Let m = -278 + 312. Calculate the remainder when 161 is divided by m.
25
Suppose -24*d + 1134 = 3*d. Calculate the remainder when 187 is divided by d.
19
Suppose -35 = -5*k - 5*d, -3*d = -5*k + 2*d - 5. Suppose -a - 2*t - 106 = -4*a, 4*t - 76 = -k*a. What is the remainder when a is divided by 11?
10
Suppose 4*q - 13 = -1. Let t(k) = -k**2 + 15. Let x be t(0). Suppose 0 = q*y - x, -42 = l - 2*l - 4*y. Calculate the remainder when l is divided by 8.
6
Suppose 24 = x + 5*x. What is the remainder when 6/(-3)*(0 - (-2 - -5)) is divided by x?
2
Let b = -565 + 594. Calculate the remainder when 102 is divided by b.
15
Let b(l) = -4*l - 13. Suppose -12*x + 7*x - 20 = 0. Let u be b(x). Suppose -u*z = -26 - 31. What is the remainder when z is divided by 11?
8
Suppose 2*q - 1053 = 2*w + w, -q = -4*w - 519. Calculate the remainder when q is divided by 38.
37
Suppose 2*j - 11 = 3*l, 2*j - 26 = 7*l - 9*l. Suppose 285 = j*a + 35. What is the remainder when 124 is divided by a?
24
Let g(x) = -x**3 - 7*x**2 - 7*x + 30. Calculate the remainder when g(-6) is divided by 13.
10
Let j(a) = 24*a - 430. What is the remainder when 